
True
Is 2091 a factor of 1189138293?
False
Is 306 a factor of 3425383972?
False
Is 483002611 a multiple of 55?
False
Is 3741 a factor of 1672254340?
False
Does 111 divide 4240491708?
True
Is 86599275 a multiple of 255?
True
Is 197 a factor of 1747614002?
False
Does 747 divide 391416795?
True
Is 308114027 a multiple of 6?
False
Is 333633341 a multiple of 693?
False
Is 222 a factor of 27376828?
False
Is 193870940 a multiple of 821?
True
Is 154 a factor of 27127461?
False
Does 363 divide 101133347?
False
Is 43 a factor of 25419278?
True
Does 79 divide 227525372?
True
Does 703 divide 1025677?
True
Does 11821 divide 2111159674?
True
Does 2582 divide 36529714?
False
Is 1825 a factor of 1630602825?
True
Does 6142 divide 891535868?
True
Does 2397 divide 83667285?
True
Is 43394022 a multiple of 14?
True
Is 31 a factor of 1115239907?
False
Is 531 a factor of 264474825?
False
Does 97 divide 1008044127?
False
Does 257 divide 4102445?
False
Does 3633 divide 379819251?
True
Is 116 a factor of 264778816?
True
Is 130795569 a multiple of 9?
True
Is 7 a factor of 3937924?
False
Does 1081 divide 249054833?
True
Is 83 a factor of 98555081?
False
Is 155 a factor of 3188132?
False
Is 490 a factor of 267937991?
False
Is 6 a factor of 39617760?
True
Is 13 a factor of 13631618?
True
Is 11374468 a multiple of 28?
True
Does 609 divide 33081489?
True
Is 599 a factor of 1051134784?
True
Does 1282 divide 584777022?
False
Is 961 a factor of 665021392?
False
Is 74 a factor of 275726867?
False
Is 32305415 a multiple of 8?
False
Does 5 divide 721406750?
True
Is 349632251 a multiple of 763?
False
Is 981 a factor of 40325355?
False
Is 3948 a factor of 491494416?
True
Does 176 divide 79904?
True
Is 44 a factor of 17378504?
True
Is 6052774 a multiple of 637?
True
Does 248 divide 267138904?
True
Is 8827050 a multiple of 2490?
True
Does 3 divide 22326577?
False
Is 249224333 a multiple of 193?
False
Does 1067 divide 108843370?
False
Is 20 a factor of 23107280?
True
Is 9 a factor of 84231943?
False
Is 395 a factor of 31463725?
True
Does 1785 divide 172299529?
False
Is 7512720 a multiple of 3?
True
Is 19172430 a multiple of 1986?
False
Does 8717 divide 162536898?
False
Is 33807750 a multiple of 181?
False
Is 590002757 a multiple of 307?
False
Is 38 a factor of 637870233?
False
Does 81 divide 233122982?
False
Does 28 divide 90962536?
True
Is 9 a factor of 460462851?
True
Is 19811067 a multiple of 237?
True
Does 1052 divide 12383092?
True
Is 91 a factor of 19194448?
True
Is 1513564548 a multiple of 76?
True
Is 77 a factor of 708240856?
False
Is 42 a factor of 297565895?
False
Does 12 divide 23074032?
True
Is 63 a factor of 11748104?
False
Is 34121226 a multiple of 87?
True
Does 73 divide 3272006?
True
Is 17679280 a multiple of 8?
True
Does 136 divide 2336822856?
True
Does 101 divide 53994095?
True
Is 211 a factor of 8939903?
False
Does 11 divide 20998626?
True
Is 63630318 a multiple of 337?
True
Is 13 a factor of 28652794?
False
Is 9 a factor of 258907717?
False
Is 539235279 a multiple of 1947?
True
Does 2620 divide 780647340?
True
Is 2368939257 a multiple of 42?
False
Does 38 divide 80961090?
True
Is 256 a factor of 582480640?
True
Does 360 divide 94201?
False
Is 605 a factor of 54178334?
False
Is 2 a factor of 10206193?
False
Is 615 a factor of 48734445?
True
Does 953 divide 19724057?
False
Is 12 a factor of 3417612?
True
Is 70986133 a multiple of 799?
False
Is 1405595151 a multiple of 12?
False
Does 350 divide 1531855756?
False
Is 636632598 a multiple of 21?
True
Does 22 divide 224076930?
True
Does 4820 divide 529978280?
True
Is 297 a factor of 34055136?
False
Is 118468218 a multiple of 253?
False
Does 5 divide 1608217?
False
Is 2495 a factor of 3534137560?
True
Is 4276 a factor of 2744228565?
False
Is 681 a factor of 41237248?
False
Is 14 a factor of 2792902?
True
Does 144 divide 728528805?
False
Is 598 a factor of 5835866?
False
Is 340375818 a multiple of 2516?
False
Does 35 divide 29558884?
False
Does 599 divide 270174977?
False
Is 439 a factor of 4538821?
True
Is 530562113 a multiple of 47?
False
Is 1158 a factor of 684380316?
True
Is 845 a factor of 324136085?
True
Is 25 a factor of 78286492?
False
Is 1309 a factor of 29564553?
False
Is 665773319 a multiple of 4312?
False
Is 153169573 a multiple of 99?
False
Is 231039379 a multiple of 73?
True
Is 3774 a factor of 77498828?
False
Is 35120096 a multiple of 176?
True
Does 199 divide 34254525?
False
Is 214364624 a multiple of 18?
False
Does 7 divide 377876695?
True
Is 824108389 a multiple of 2316?
False
Is 131 a factor of 262489953?
False
Does 133 divide 1355545443?
True
Does 25 divide 531695290?
False
Is 265 a factor of 500324770?
True
Does 295 divide 190330755?
True
Is 704 a factor of 866731140?
False
Is 1089735980 a multiple of 8812?
True
Is 23778831 a multiple of 104?
False
Does 37 divide 19719508?
False
Is 3273172507 a multiple of 1045?
False
Is 1668 a factor of 49223787?
False
Is 605384217 a multiple of 32?
False
Is 80 a factor of 781426805?
False
Is 768690 a multiple of 15?
True
Is 395865351 a multiple of 1077?
True
Does 756 divide 79724736?
True
Is 1005031591 a multiple of 46?
False
Is 1177 a factor of 55081246?
True
Does 2190 divide 139881336?
False
Is 70 a factor of 7519960?
True
Is 31 a factor of 3550471164?
False
Is 205817075 a multiple of 18?
False
Is 3 a factor of 177669017?
False
Is 82685895 a multiple of 1285?
True
Does 27 divide 119294908?
False
Is 370 a factor of 33271880?
True
Is 1575367212 a multiple of 4239?
False
Does 1826 divide 5120177040?
True
Does 5 divide 216639930?
True
Is 1025744982 a multiple of 7084?
False
Is 289 a factor of 23380692?
False
Is 19356440 a multiple of 380?
True
Is 393187 a multiple of 108?
False
Is 95223679 a multiple of 205?
False
Does 774 divide 167910506?
False
Does 714 divide 119247779?
False
Is 2148 a factor of 21578808?
True
Does 24 divide 243110213?
False
Does 53 divide 45712000?
False
Does 73 divide 77539339?
False
Does 1000 divide 65646000?
True
Does 1034 divide 191076770?
False
Is 16 a factor of 337602600?
False
Does 23 divide 97294?
False
Does 370 divide 12030314?
False
Does 4393 divide 3057226365?
False
Is 129671764 a multiple of 4?
True
Is 128787024 a multiple of 127?
False
Does 325 divide 592356785?
False
Does 33 divide 165788337?
True
Does 4 divide 85157252?
True
Is 138 a factor of 46326157?
False
Does 2387 divide 518669151?
False
Is 102 a factor of 229742964?
True
Is 34 a factor of 2591514?
True
Is 316928820 a multiple of 39?
True
Is 668041816 a multiple of 12?
False
Does 35 divide 361386498?
False
Is 70 a factor of 1445122700?
True
Is 120912633 a multiple of 22?
False
Is 69535691 a multiple of 227?
False
Does 2467 divide 230769103?
False
Is 141 a factor of 753899787?
True
Is 12 a factor of 125866656?
True
Is 106 a factor of 34845804?
True
Is 214971713 a multiple of 6?
False
Is 1311 a factor of 1116092613?
False
Does 52 divide 47986175?
False
Does 48 divide 6275280?
True
Is 313 a factor of 20485549?
False
Is 249 a factor of 1381442787?
True
Is 367 a factor of 72570580?
True
Is 3542987340 a multiple of 17?
True
Does 1319 divide 24516356?
False
Is 11 a factor of 92242723?
False
Does 504 divide 272054160?
True
Does 6 divide 1944496?
False
Does 538 divide 15143194?
False
Is 3 a factor of 16126023?
True
Is 1428 a factor of 16653336?
True
Is 914 a factor of 231788572?
True
Does 28 divide 194786368?
True
Does 689 divide 7925013?
False
Is 165 a factor of 33113517?
False
Is 53632733 a multiple of 105?
False
Does 13040 divide 2670422480?
True
Does 13 divide 1967651426?
True
Is 1183776 a multiple of 418?
True
Is 2613593 a multiple of 19?
False
Is 74 a factor of 40758684?
False
Is 322 a factor of 25978960?
True
Is 15040971 a multiple of 6?
False
Does 1545 divide 120632055?
True
Is 877 a factor of 10596791?
True
Does 4 divide 4878660?
True
Does 5 divide 1256194976?
False
Does 5 divide 3565259?
False
Does 336 divide 732354152?
False
Is 24360413 a multiple of 19?
True
Does 39 divide 949685?
False
Is 102994537 a multiple of 175?
False
Is 348 a factor of 18383745?
False
Is 139245137 a multiple of 769?
True
Does 72 divide 93385902?
False
Is 10531798 a multiple of 20?
False
Does 550 divide 32736065?
False
Is 58849920 a multiple of 2?
True
Is 5 a factor of 15992980?
True
Is 16 a factor 